r of k and 3?
3
Let w(t) = -t**3 + 3*t**2 + 4*t + 2. Let v be w(4). Let i be v/(-2 + 0) - -53. Let p = 54 + -41. Calculate the greatest common divisor of p and i.
13
Let v be (-2)/(-2) + (-4)/(-2). Suppose -v*y + 80 = 26. Calculate the highest common divisor of 6 and y.
6
Let r be (0 + 6)/(3/2). Suppose -10 - 6 = -r*p - 2*s, 3*s = -2*p + 12. Suppose v = p*b, 3*b + 17 = 5*v + 5*b. Calculate the highest common divisor of 15 and v.
3
Let u = -13 - -22. Suppose u = 2*z - 7. What is the greatest common factor of 88 and z?
8
Let m = -17 + 57. Let s(k) be the first derivative of 5*k**2 - 1. Let o be s(1). Calculate the greatest common factor of o and m.
10
Suppose 2*k = v + 18, 2 = -2*k - 2*v + 8. What is the greatest common divisor of k and 28?
7
Suppose 4*q - 4 = 0, -2*j + 5*q + 619 = 192. What is the highest common factor of j and 24?
24
Suppose -3*f + f + 52 = 0. Calculate the highest common divisor of 13 and f.
13
Let d be (-11)/((-11)/(-58))*(0 - 1). Calculate the highest common factor of 522 and d.
58
Let s = 80 + -42. Let p be (-8 + -3 - -8) + (-44)/(-2). What is the greatest common factor of s and p?
19
Suppose 7*m + 15 = 10*m. Suppose -124 = -m*r + 4*v, 16 = -3*r - 5*v + 83. What is the highest common divisor of 24 and r?
24
Let c(z) = 3*z**2 - 3*z + 2. Let o(j) = j**2 - 6*j. Let s be o(6). Suppose s*n = 5*n - 10. Let b be c(n). What is the greatest common divisor of b and 72?
8
Suppose 4*p - 175 = -p. Let u be 22/6 + 4/(-6). Suppose 7*k = u*k + 20. What is the highest common factor of p and k?
5
Let b = 5 - -51. Calculate the greatest common factor of b and 14.
14
Suppose 0*b = 2*p + b + 8, -3*p + 4*b = -10. Let r be p + (-4)/(-2) + 99. Suppose -r = 4*i - 483. What is the greatest common divisor of i and 12?
12
Suppose 0 = -4*w, -o = 3*o + 4*w - 104. What is the greatest common factor of o and 39?
13
Suppose -2*h + 24 = 2*h. What is the highest common factor of h and 24?
6
Suppose 4*w - 3 = 21. Let b(o) = o**2 - 3*o + 2. Let z be b(w). What is the greatest common factor of z and 4?
4
Suppose -p + 0*p - 13 = 0. Let v = p + 22. Calculate the greatest common divisor of 36 and v.
9
Let p = -56 - -136. Suppose 25 = -5*o, 4*a - o - 3*o = 44. Let t be a*3/6 + 7. Calculate the highest common divisor of t and p.
10
Let h be (-12 + 7)*(0 + (-1 - 0)). Calculate the greatest common factor of 55 and h.
5
Let i(t) = t**3 - 5*t**2 + 8*t - 4. Let h be i(4). Calculate the greatest common factor of 60 and h.
12
Let k be ((-12)/14)/((-1)/7). Suppose -153 + 483 = 5*r. Calculate the greatest common factor of r and k.
6
Suppose 3*n + 2*n = -20. Let v be (-1038)/(-10) - n/20. Calculate the greatest common divisor of v and 26.
26
Let v = 9 + -16. Let d be 0 + v/(21/(-30)). Calculate the highest common factor of d and 4.
2
Suppose -5*b + 20 = 4*h - 35, 0 = -4*b - 4. Let y = -9 + h. Let p be (-6)/(-8)*(20 - 0). What is the highest common factor of p and y?
3
Let h(t) = 6*t**2 - 5*t - 8. Let s be h(-4). Suppose -s = -g - g. What is the greatest common factor of g and 81?
27
Let s(b) = 5*b - 22. Let p(f) = f. Let d(u) = 4*p(u) - s(u). Let c be d(0). Calculate the highest common divisor of 22 and c.
22
Let o be 0 + (-2 - -1) + 4. Suppose -4*a + 5*b = -0*b + 65, -48 = o*a - 3*b. Let i = 23 + a. What is the greatest common factor of i and 56?
8
Let u be 180/35*(9 - 2). Calculate the highest common factor of 18 and u.
18
Let c be 2 + (1 - -2)/3. Suppose c*i = 5*j - 7, j = -2*i + 7*i - 3. Suppose -2*u + i = -1. Calculate the greatest common factor of 9 and u.
1
Suppose 2*f + 315 = 5*f. What is the highest common factor of 21 and f?
21
Suppose -4*q + 125 = 4*u - q, 0 = 3*u - q - 110. Let o(g) = 3*g**2 - 2*g - 2. Let r be o(-2). Calculate the highest common divisor of u and r.
7
Let i = 6 + -4. Suppose 21*r + 52 = 346. What is the highest common divisor of r and i?
2
Let c(p) = -p**3 - 12*p**2 + 9*p + 2. Let t be c(-13). Calculate the highest common factor of 6 and t.
6
Let w(u) = -10*u - 20. Let x be w(-6). What is the greatest common divisor of 60 and x?
20
Let i(f) = f**3 - 5*f**2 + 9*f - 22. Let t be i(6). What is the highest common divisor of t and 4?
4
Let q = -11 - -12. Let l(a) = 21*a**3 - 2*a + 1. Let o be l(q). What is the greatest common divisor of 50 and o?
10
Suppose o = -2*a + 12, -3*o - a + 9 = -2*o. Calculate the greatest common factor of o and 6.
6
Let s = 317 - 217. Suppose 3*y + 4*h - s = y, 0 = 2*h. What is the highest common factor of 5 and y?
5
Suppose -n - 4*n = -60. Let h be 7*11/((-154)/(-48)). What is the highest common factor of n and h?
12
Suppose 0 = c - 5 + 2. Calculate the greatest common divisor of c and 1.
1
Let s be (-2259)/(-6) + (-7)/14. Calculate the highest common divisor of s and 47.
47
Let r be 0 + 4 + -2 + 12. Let d = -48 - -69. Calculate the greatest common divisor of d and r.
7
Let s(b) = 163*b - 1. Let x be s(1). Calculate the greatest common factor of x and 18.
18
Suppose -2*g + 19 = -13. What is the greatest common divisor of 40 and g?
8
Let c = 6 + -4. Let k = 6 - 2. What is the highest common divisor of k and c?
2
Let m be 9/(-6)*(-26)/3. Suppose 2*r = r + m. Suppose -r = -5*c + 2. What is the highest common factor of c and 3?
3
Suppose 0 = -2*o + 25 + 3. Calculate the highest common factor of o and 56.
14
Suppose 4*f - 3 = 45. Suppose f = 2*t - 0*t. What is the greatest common divisor of t and 15?
3
Let n = 5 + -2. What is the highest common factor of 3 and n?
3
Let y be 26/117 + (-698)/(-18). Let u = y - 21. Calculate the highest common divisor of 36 and u.
18
Suppose -2*b = -222 - 50. Let m = -1 - -5. Suppose 16 = m*k, -4*k + 3*k = -2*c + 30. What is the greatest common divisor of c and b?
17
Suppose 259 + 253 = 4*r. What is the highest common divisor of 32 and r?
32
Suppose -2*l + 8 = -3*l - 2*u, 2*l + 3*u + 16 = 0. Let h = -4 - l. What is the greatest common factor of 28 and h?
4
Suppose 5*q - 23 = 57. What is the highest common divisor of 8 and q?
8
Suppose -6*r = 2*s - 4*r - 6, s - 2*r - 3 = 0. Suppose 5 = s*t + 2. Calculate the highest common factor of t and 9.
1
Suppose 0 = -d - d + 28. What is the greatest common divisor of d and 70?
14
Let c = 26 - 2. What is the highest common divisor of c and 12?
12
Suppose -2*z - z - f + 54 = 0, 2*f = 0. Calculate the highest common factor of 18 and z.
18
Suppose 7 = 2*x - 35. Let y be (-280)/x*(-15)/2. Calculate the greatest common divisor of y and 25.
25
Let r = -12 + -2. Let p = -3 - r. Let a = 190 - 69. What is the greatest common divisor of a and p?
11
Suppose 15 = 8*k - 13*k, 4*l = 2*k + 18. Calculate the greatest common factor of l and 39.
3
Suppose 2*k - 30 = 3*l, -3*k - 2*k + 2*l = -64. What is the greatest common divisor of k and 108?
12
Let a(r) = r**3 + r**2 - r + 6. Let k be a(0). Let h be (k/(-4))/((-6)/56). Let b be 4 - (1 - -5 - 1) - -57. What is the greatest common divisor of b and h?
14
Let c be (-3 - -5)/(4/26). Suppose c = 5*p + 33. Let o be (-4)/4 + (-2 - p). What is the highest common factor of o and 5?
1
Suppose -21 = -4*f - 0*t + 3*t, -27 = -4*f + 5*t. Calculate the greatest common factor of 12 and f.
3
Let i be 126*(-40)/(-36)*(-24)/(-20). Calculate the highest common divisor of i and 21.
21
Suppose h - 23 = 9. Suppose -c + 5*c = 68. Suppose -4*g - 5*a + c = 0, 0 = 3*g + 4*a - 7 - 5. Calculate the highest common factor of h and g.
8
Let t = -12 + 4. Let w = 3 - t. Calculate the greatest common factor of w and 1.
1
Suppose 2*n - 86 = -5*m, -2*n = -3*m + 2*n + 36. What is the greatest common divisor of 2 and m?
2
Let p be (65/(-25))/(2/(-10)). Calculate the highest common divisor of 65 and p.
13
Let g = -4 - -20. Let v = 14 + -10. Calculate the highest common divisor of v and g.
4
Suppose -5 = 4*k - 9. What is the highest common divisor of 8 and k?
1
Suppose 0 = 4*w + 3*n - 3, -2*n - 1 = w + 2. Suppose 2*z = -4*q + 11 + w, 3*z + 4*q - 25 = 0. Calculate the highest common factor of z and 22.
11
Let h = -36 - -50. What is the greatest common divisor of 21 and h?
7
Let q(l) be the third derivative of l**4/24 + 8*l**3/3 + 3*l**2. Let i be q(0). Suppose 279 = -5*s + 1159. What is the greatest common divisor of s and i?
16
Let d be ((-18)/12)/((-3)/26). Suppose -3*n + 117 = 39. Calculate the highest common divisor of n and d.
13
Suppose -12*t + 14*t = 60. Le